{"id":1084,"date":"2018-03-30T19:19:37","date_gmt":"2018-03-30T17:19:37","guid":{"rendered":"https:\/\/zelking.com\/?page_id=1084"},"modified":"2018-03-30T22:18:04","modified_gmt":"2018-03-30T20:18:04","slug":"startseite","status":"publish","type":"page","link":"https:\/\/zelking.grafikweb.eu\/","title":{"rendered":"Startseite"},"content":{"rendered":"<div style=\"text-align: center;\"><span style=\"color: #800080;\"><span style=\"font-size: 26px;\"><strong>Liebe Besucher meiner Homepage!<\/strong><\/span><br \/>\n<\/span><\/div>\n<div style=\"text-align: center;\">\n<p><span style=\"color: #800080;\"><span style=\"color: #000080;\"><strong><span style=\"font-size: 16px;\">B<\/span><\/strong><\/span><span style=\"color: #000080;\"><strong><span style=\"font-size: 16px;\">edanke<\/span><\/strong><\/span><span style=\"color: #000080;\"><strong><span style=\"font-size: 14px;\">\u00a0mich bei allen Autoren, Archiven, Verlagen, bei europ\u00e4ischen und au\u00dfereurop\u00e4ischen Postanstalten, historisch und <\/span><\/strong><\/span><span style=\"color: #000080;\"><strong><span style=\"font-size: 16px;\">\u201e<\/span><\/strong><strong><span style=\"font-size: 14px;\">unhistorisch<\/span><\/strong><\/span><span style=\"color: #333399;\"><strong><span style=\"font-size: 14px;\">\u201c<\/span><\/strong><\/span><span style=\"color: #000080;\"><strong><span style=\"font-size: 14px;\"> arbeitenden Menschen, der \u00d6sterreichischen Staatsdruckere<\/span><\/strong><\/span><span style=\"color: #000080;\"><strong><span style=\"font-size: 14px;\">i<\/span><\/strong><strong><span style=\"font-size: 14px;\">, Nationalbank, &#8230;<\/span><\/strong><\/span><strong><span style=\"color: #ff0000;\"><span style=\"font-size: 14px;\"><span style=\"color: #000080;\">, wenn ich ohne Hinweis auf eventuelle Urheberrechte diese NICHT verwendet habe, sei es aus Unkenntnis, mir nicht eruierbaren und sonstigen Gr\u00fcnden oder wegen, von mir angenommene <\/span><\/span><\/span><\/strong><span style=\"color: #000080;\"><strong><span style=\"font-size: 16px;\">\u201e<\/span><\/strong><\/span><strong><span style=\"color: #ff0000;\"><span style=\"font-size: 14px;\"><span style=\"color: #000080;\">Geringf\u00fcgigkeit<\/span><\/span><\/span><\/strong><span style=\"color: #333399;\"><strong><span style=\"font-size: 14px;\">\u201c <\/span><\/strong><\/span><strong><span style=\"color: #ff0000;\"><span style=\"font-size: 14px;\"><span style=\"color: #000080;\">geschehen ist, bzw. sein sollte und keine wie immer geforderten <\/span><\/span><\/span><\/strong><span style=\"color: #000080;\"><strong><span style=\"font-size: 16px;\">\u201e<\/span><\/strong><\/span><strong><span style=\"color: #ff0000;\"><span style=\"font-size: 14px;\"><span style=\"color: #000080;\">Abgeltungen<\/span><\/span><\/span><\/strong><span style=\"color: #333399;\"><strong><span style=\"font-size: 14px;\">\u201c <\/span><\/strong><\/span><strong><span style=\"color: #ff0000;\"><span style=\"font-size: 14px;\"><span style=\"color: #000080;\">jeglicher Art erfolgen!<\/span><\/span><\/span><\/strong><\/span><\/p>\n<p>PS: Verdiente bisher an\u00a0 meiner Homepage nichts, und habe auch nicht die Absicht damit finanzielle Vorteile mir anzueignen!!!<\/p>\n<p><strong><span style=\"color: #000080;\"><span style=\"font-size: 14px;\">Dank auch an Wikipedia!<\/span><\/span><\/strong><\/p>\n<\/div>\n<div style=\"text-align: center;\">\n<p>&nbsp;<\/p>\n<hr \/>\n<p>&nbsp;<\/p>\n<\/div>\n<p><!--more--><\/p>\n<div style=\"text-align: center;\"><\/div>\n<div style=\"text-align: center;\"><\/div>\n<div style=\"text-align: center;\">\n<p><span style=\"color: #000000;\"><span style=\"font-size: 12pt;\"><strong><span style=\"font-size: 16px;\">Bei Entnahmen (auch Teilentnahmen) wird um Quellenangabe ersucht!<\/span><\/strong><\/span><\/span><\/p>\n<p><span style=\"color: #000000;\"> <span style=\"font-size: 16px;\">Alle Angaben in dieser Homepage erheben keinen Anspruch auf Vollst\u00e4ndigkeit<\/span><\/span><\/p>\n<p><span style=\"color: #000000;\"><img loading=\"lazy\" decoding=\"async\" class=\" size-full wp-image-689\" style=\"width: 209px; height: 250px;\" src=\"https:\/\/zelking.grafikweb.eu\/wp-content\/uploads\/2019\/11\/melktal.jpg\" alt=\"\" width=\"300\" height=\"360\" srcset=\"https:\/\/zelking.grafikweb.eu\/wp-content\/uploads\/2019\/11\/melktal.jpg 300w, https:\/\/zelking.grafikweb.eu\/wp-content\/uploads\/2019\/11\/melktal-250x300.jpg 250w\" sizes=\"auto, (max-width: 300px) 100vw, 300px\" \/><br \/>\n<\/span><\/p>\n<\/div>\n<div style=\"text-align: center;\"><\/div>\n<div style=\"text-align: center;\"><\/div>\n<div style=\"text-align: center;\"><span style=\"font-size: 14px;\"><span style=\"color: #000000;\"><strong>Die Gemeinde Zelking-Matzleinsdorf<br \/>\n<\/strong><\/span><\/span><\/div>\n<div style=\"text-align: center;\"><\/div>\n<div style=\"text-align: center;\">\n<p><span style=\"font-size: 14px;\"><span style=\"color: #000000;\"><strong>Einwohner: <\/strong>1260 Personen<\/span><\/span><\/p>\n<p>&nbsp;<\/p>\n<\/div>\n<div style=\"text-align: center;\">\n<div><span style=\"font-size: 14px;\"><span style=\"color: #000000;\"><strong>Einwohnerdichte:<\/strong> 60 Personen\/km\u00b2<br \/>\n<\/span><\/span><\/div>\n<div><span style=\"font-size: 14px;\"><span style=\"color: #000000;\"><strong>470<\/strong> Haushalte<br \/>\n<\/span><\/span><\/div>\n<\/div>\n<div style=\"text-align: center;\"><span style=\"font-size: 14px;\">\u00a0 <\/span><\/div>\n<div style=\"text-align: center;\"><span style=\"font-size: 14px;\"><span style=\"color: #000000;\"><strong>Seeh\u00f6he:<\/strong> 238 Meter \u00fcber dem Meer<br \/>\n<\/span><\/span><\/div>\n<div style=\"text-align: center;\"><\/div>\n<div style=\"text-align: center;\">\n<p><span style=\"font-size: 14px;\"><span style=\"color: #000000;\"><strong>Gemeindefl\u00e4che:<\/strong> 21,192 km\u00b2<\/span><\/span><\/p>\n<p>&nbsp;<\/p>\n<\/div>\n<div style=\"text-align: center;\">\n<p><span style=\"font-size: 14px;\"><span style=\"color: #000000;\"><strong>Kraftfahrzeugkennzeichen:<\/strong> ME<\/span><\/span><\/p>\n<p><strong><span style=\"font-family: arial,helvetica,sans-serif;\"> Postleitzahlen:<\/span><\/strong><span style=\"font-family: arial,helvetica,sans-serif;\"> 3393 Matzleinsdorf (Mannersdorf, Zelking und Matzleinsdorf)<\/span><br \/>\n3390 Melk (Bergern, Maierh\u00f6fen und Freiningau)<br \/>\n<span style=\"font-family: arial,helvetica,sans-serif;\"> 3253 Erlauf (Arb Nr. 3 und 4)<br \/>\n3344 Ruprechtshofen (Anzenberg Nr. 11<\/span><\/p>\n<\/div>\n<div style=\"text-align: justify;\"><\/div>\n<div style=\"text-align: justify;\"><\/div>\n<div style=\"text-align: justify;\">\n<p><span style=\"color: #000000;\"><span style=\"font-size: 14px;\">Die Gemeinde Zelking-Matzleinsdorf erstreckt sich am Fu\u00dfe vom Hiesberg (558 m) und dem Melkfluss entlang bis zur Donau und umfasst ein Gebiet von knapp 21,20 km\u00b2; 34,78% der Fl\u00e4che ist bewaldet.<\/span><\/span><\/p>\n<p>&nbsp;<\/p>\n<\/div>\n<div style=\"text-align: center;\">\n<div style=\"text-align: justify;\"><span style=\"color: #000000;\"><span style=\"font-size: 14px;\">.<\/span><span style=\"font-size: 14px;\">\u00a0 <\/span><\/span><\/div>\n<div>\n<p><img loading=\"lazy\" decoding=\"async\" class=\" size-full wp-image-690\" style=\"width: 266px; height: 339px;\" src=\"https:\/\/zelking.grafikweb.eu\/wp-content\/uploads\/2019\/11\/salon%20und%20salettl.jpg\" alt=\"\" width=\"405\" height=\"517\" \/><br \/>\n<span style=\"color: #000000;\"><span style=\"font-size: 14px;\">Zelking im Mai (vor 1959)<\/span><br \/>\n(L<span style=\"font-size: 14px;\">inks das <\/span><span style=\"font-size: 14px;\"><span style=\"font-family: arial,helvetica,sans-serif;\">\u201eSalettl\u201c und rechts der <\/span><\/span><span style=\"font-size: 14px;\"><span style=\"font-family: arial,helvetica,sans-serif;\">\u201eSalon\u201c.<br \/>\nBeide Holzbauten, vermutlich nach dem Hochwasser von 1959 entfernt.)<br \/>\n<\/span><\/span><\/span><\/p>\n<p><img loading=\"lazy\" decoding=\"async\" class=\" size-full wp-image-691\" src=\"https:\/\/zelking.grafikweb.eu\/wp-content\/uploads\/2019\/11\/33.jpg\" alt=\"\" width=\"400\" height=\"267\" srcset=\"https:\/\/zelking.grafikweb.eu\/wp-content\/uploads\/2019\/11\/33.jpg 400w, https:\/\/zelking.grafikweb.eu\/wp-content\/uploads\/2019\/11\/33-300x200.jpg 300w\" sizes=\"auto, (max-width: 400px) 100vw, 400px\" \/><br \/>\n<span style=\"color: #000000;\"><span style=\"font-size: 14px;\"><span style=\"font-family: arial,helvetica,sans-serif;\"> Matzleinsdorf (M\u00e4rz 2009)<br \/>\n(Das gr\u00fcne Geb\u00e4ude wurde 2010 abgerissen, im gelben Geb\u00e4ude <\/span><\/span><\/span><span style=\"color: #000000;\"><span style=\"font-size: 14px;\">\u2013<\/span><\/span><br \/>\n<span style=\"color: #000000;\"><span style=\"font-size: 14px;\"><span style=\"font-family: arial,helvetica,sans-serif;\"> heute das Pfarrzentrum <\/span><\/span><\/span><span style=\"color: #000000;\"><span style=\"font-size: 14px;\">\u2013<\/span><\/span><span style=\"color: #000000;\"><span style=\"font-size: 14px;\"><span style=\"font-family: arial,helvetica,sans-serif;\"> befand sich bis 31. Mai 2002 das Postamt 3393)<\/span><\/span><\/span><\/p>\n<p><img loading=\"lazy\" decoding=\"async\" class=\" size-full wp-image-692\" src=\"https:\/\/zelking.grafikweb.eu\/wp-content\/uploads\/2019\/11\/m1.jpg\" alt=\"\" width=\"300\" height=\"367\" srcset=\"https:\/\/zelking.grafikweb.eu\/wp-content\/uploads\/2019\/11\/m1.jpg 300w, https:\/\/zelking.grafikweb.eu\/wp-content\/uploads\/2019\/11\/m1-245x300.jpg 245w\" sizes=\"auto, (max-width: 300px) 100vw, 300px\" \/><br \/>\n<span style=\"color: #000000;\"><span style=\"font-size: 14px;\"><span style=\"font-family: arial,helvetica,sans-serif;\">Mannersdorf <\/span><\/span><span style=\"font-size: 14px;\">\u2013 Motiv von 2003<\/span><\/span><\/p>\n<p><img loading=\"lazy\" decoding=\"async\" class=\" wp-image-693\" src=\"https:\/\/zelking.grafikweb.eu\/wp-content\/uploads\/2019\/11\/mai2.jpg\" alt=\"\" width=\"424\" height=\"211\" srcset=\"https:\/\/zelking.grafikweb.eu\/wp-content\/uploads\/2019\/11\/mai2.jpg 400w, https:\/\/zelking.grafikweb.eu\/wp-content\/uploads\/2019\/11\/mai2-300x149.jpg 300w\" sizes=\"auto, (max-width: 424px) 100vw, 424px\" \/><\/p>\n<\/div>\n<div><span style=\"color: #000000;\"><span style=\"font-size: 14px;\"><span style=\"font-family: arial,helvetica,sans-serif;\">Maierh\u00f6fen, im Bild links die Ruine Weitenegg <\/span><\/span><\/span><\/div>\n<\/div>\n<div style=\"text-align: justify;\"><\/div>\n<div style=\"text-align: justify;\"><\/div>\n<div style=\"text-align: justify;\"><span style=\"color: #000000;\">\u00a0<\/span><br \/>\n<span style=\"font-size: 14px;\"> <span style=\"color: #000000;\">In den Katastralgemeinden Zelking, Matzleinsdorf, Mannersdorf, Bergern-Maierh\u00f6fen und Freiningau leben etwa 1260 Einwohner in einer l\u00e4ndlich strukturierten Kleingemeinde, wo sich auch 215 Zweitwohnbesitzer heimisch f\u00fchlen.<\/span><br \/>\n<\/span><\/div>\n<div style=\"text-align: justify;\"><\/div>\n<div style=\"text-align: justify;\">\n<p><span style=\"color: #000000;\"><span style=\"font-size: 14px;\"><span style=\"font-family: arial,helvetica,sans-serif;\">Zur Unterhaltung tragen\/trugen bei das Neujahrskonzert der Musikkapelle Melktal (nach 25 Jahren wurde 2010 erstmals ein Fr\u00fchlingskonzert abgehalten),\u00a0 die Kirchench\u00f6re Matzleinsdorf und Zelking, diverse Ball- und Sportveranstaltungen, Pfarr- und Feuerwehrfeste, Kirtage, bis hin zum Adventmarkt.<br \/>\n<\/span><span style=\"font-family: arial,helvetica,sans-serif;\">Es befinden sich ein Gemeindeamt, eine 4-Klassen-Volksschule, ein Kinderg\u00e4rten, Fu\u00dfball- und Tennispl\u00e4tze sowie drei Kirchen und drei Feuerwehren in unserer Gemeinde.<\/span><br \/>\n<span style=\"font-family: arial,helvetica,sans-serif;\"> F\u00fcr die Nahversorgung sorgte bis Ende November 2013 ein ADEG-Kaufladen. Muste nach 120 Jahren geschlossen werden. Seit 15. Mai 2014 befindet sich in den ehemaligen Kindergartenr\u00e4umen ein Nah-Frisch-Gesch\u00e4ft.<br \/>\nEinige Biobauern und mehrere Imker\/Imkerinnen, drei K\u00fcrbiskern\u00f6lproduzenten usw. bieten ihre Waren an.<\/span><br \/>\n<span style=\"font-family: arial,helvetica,sans-serif;\"> Zwei Gasth\u00e4user und ein Kaffeehaus (wegen Pensionierung eingeschr\u00e4nkter Betrieb und somit nur am Montag Nachmittag offen) sorgen f\u00fcr ein gesellschaftliches Leben.<\/span><br \/>\n<span style=\"font-family: arial,helvetica,sans-serif;\"> Die Ruinen Zelking und Wildenstein sowie Steinformationen wie der \u201eWei\u00dfe Stein\u201c, Rogelstein, Kleine Wackelstein, Gro\u00dfe Stein, aber auch das Eiserne Bild, \u00d6tscherbankerl, ehem. Tabulastra\u00dfe (\u201eR\u00f6merstra\u00dfe\u201c), drei ehem. pr\u00e4historische Anlagen und drei Burgst\u00e4lle usw., laden zum \u201eErwandern und Fotografieren&#8220; ein. <\/span><\/span><\/span><span style=\"color: #000000;\"><span style=\"font-size: 14px;\"><span style=\"font-family: arial,helvetica,sans-serif;\">Baden, Fischen und Eisstockschie\u00dfen im Melkfluss (Eisstockschie\u00dfen ist eventuell auch am ehemaligen Schlammteich) m\u00f6glich. Es besteht auch eine Reitm\u00f6glichkeit. Wanderwege sind vorhanden. <\/span><span style=\"font-family: arial,helvetica,sans-serif;\">Es befinden sich fast keine Gewerbebetriebe in unserer Gemeinde, sodass die meisten ausw\u00e4rts ihrer Arbeit nachgehen m\u00fcssen.<\/span><br \/>\n<span style=\"font-family: arial,helvetica,sans-serif;\"> A1 (E5), B1, HL-AG (Bahnstrecke) auf unserem Gemeindegebiet; dreieckf\u00f6rmiger <\/span><span style=\"font-family: arial,helvetica,sans-serif;\">\u201e<\/span><span style=\"font-family: arial,helvetica,sans-serif;\">Donauanschluss<\/span><span style=\"font-family: arial,helvetica,sans-serif;\">\u201c.<\/span><span style=\"font-family: arial,helvetica,sans-serif;\"> Unweit vom Stift Melk, P\u00f6chlarn, St. Leonhard am Forst, dem zweitgr\u00f6\u00dften Wallfahrtsort von \u00d6sterreich Maria Taferl, Schallaburg und Wachau gelegen.<\/span><\/span><\/span><\/p>\n<p>1970 wurden die f\u00fcnf Katastralgemeinden zur Gemeinde Zelking-Matzleinsdorf zusammengeschlossen.<\/p>\n<p>&nbsp;<\/p>\n<\/div>\n<div style=\"text-align: center;\"><img loading=\"lazy\" decoding=\"async\" class=\" size-full wp-image-694\" src=\"https:\/\/zelking.grafikweb.eu\/wp-content\/uploads\/2019\/11\/gemeindewappen.jpg\" alt=\"\" width=\"370\" height=\"666\" srcset=\"https:\/\/zelking.grafikweb.eu\/wp-content\/uploads\/2019\/11\/gemeindewappen.jpg 400w, https:\/\/zelking.grafikweb.eu\/wp-content\/uploads\/2019\/11\/gemeindewappen-166x300.jpg 166w\" sizes=\"auto, (max-width: 370px) 100vw, 370px\" \/><\/div>\n<div style=\"text-align: center;\"><span style=\"color: #000000;\"><span style=\"font-size: 14px;\"><span style=\"font-family: arial,helvetica,sans-serif;\">Sonntag, 12. Juli 1998, erfolgte in Zelking die Wappenverleihung durch Landeshauptmann Dr. Erwin Pr\u00f6ll<br \/>\n<\/span><\/span><\/span><\/div>\n<div style=\"text-align: center;\"><\/div>\n<div style=\"text-align: justify;\"><\/div>\n<div>\n<dl>\n<dd>\n<div style=\"text-align: center;\"><span style=\"color: #000000;\"><span style=\"font-size: 14px;\"><img loading=\"lazy\" decoding=\"async\" class=\" size-full wp-image-695\" style=\"width: 511px; height: 586px;\" src=\"https:\/\/zelking.grafikweb.eu\/wp-content\/uploads\/2019\/11\/gemeinde_zelking_matzleinsdorf.jpg\" alt=\"\" width=\"400\" height=\"459\" srcset=\"https:\/\/zelking.grafikweb.eu\/wp-content\/uploads\/2019\/11\/gemeinde_zelking_matzleinsdorf.jpg 400w, https:\/\/zelking.grafikweb.eu\/wp-content\/uploads\/2019\/11\/gemeinde_zelking_matzleinsdorf-261x300.jpg 261w\" sizes=\"auto, (max-width: 400px) 100vw, 400px\" \/><\/span><br \/>\n<\/span><\/div>\n<div style=\"text-align: center;\"><span style=\"color: #000000;\"><span style=\"font-size: 14px;\">Zelking-Matzleinsdorf am Ende vom Melktal gelegen<br \/>\n<\/span><\/span><\/div>\n<div style=\"text-align: center;\"><\/div>\n<div style=\"text-align: center;\"><span style=\"color: #000000;\">\u00a0<\/span><\/div>\n<div style=\"text-align: center;\">\n<div style=\"text-align: center;\">\n<p><span style=\"color: #000000;\"><span style=\"font-size: 14px;\"><strong>Hymnus an das Melktal<br \/>\n<\/strong><br \/>\nKleine Berge, kleine T\u00e4ler,<br \/>\nkleines Fl\u00fcsschen mitten drin.<br \/>\nGr\u00fcne Wiesen, sanfte W\u00e4lder,<br \/>\nwo zuhaus\u2019 und gl\u00fccklich bin.<\/span><\/span><\/p>\n<p>Menschen gr\u00fc\u00dfen hier von ferne,<br \/>\narbeitsam regt sich die Hand.<br \/>\nLeb\u2019 und wohne hier sehr gerne,<br \/>\nes ist doch mein Heimatland.<\/p>\n<p>\u00d6rtchen an den Fluss geschmieget,<br \/>\nalles hier noch wunderbar.<br \/>\nGottes Segen, nie versieget,<br \/>\ndas schon viele Jahr um Jahr.<\/p>\n<p>Jeden Fr\u00fchling viele Blumen,<br \/>\nSaat auf guten Feldern reift.<br \/>\nSommerduft, Zwitschern und Summen,<br \/>\ngl\u00fccklich wer all dies begreift.<\/p>\n<p>Buntes Laub und Nebel wallen<br \/>\nund bald naht die Weihnachtszeit.<br \/>\nGlocken hoch vom Turm erschallen,<br \/>\nvon der Kirche uns zur Freud.<\/p>\n<p>Geh\u2019 zu ihm hin und ich schweige,<br \/>\nwas er wohl mir sagen mag?<br \/>\nVor der Sch\u00f6pfung stumm verharre,<br \/>\nsage dank\u2019, was er uns gab.<\/p>\n<p>Geht\u2019s nicht gut, wein\u2019 bei den Sternen,<br \/>\nmich auch manchmal leise aus,<br \/>\nklag\u2019s der Sonne in der Ferne,<br \/>\nsteh ich vor dem Vaterhaus.<\/p>\n<p>Muss ich gehen eines Tages,<br \/>\nkomme hier nie mehr zur\u00fcck.<br \/>\nFand doch hier, gesteh es gerne,<br \/>\nviele Jahr\u2019, besond\u2019res Gl\u00fcck.<\/p>\n<p><span style=\"color: #000000;\"> Ihr auch ich <\/span><span style=\"font-size: 14px;\"><span style=\"color: #000000;\">\u2013 wir lieben alle,<br \/>\nwas uns Gott gegeben hat.<br \/>\nBin dann dort, wo ich nie leide,<br \/>\nlegt \u2019ne Blume auf mein Grab.<br \/>\nLudwig Pichler<br \/>\n7. 9. 2008<\/span><\/span><\/p>\n<\/div>\n<\/div>\n<div style=\"text-align: center;\">\n<div><\/div>\n<div>\n<p><span style=\"color: #000000;\"><span style=\"font-size: 14px;\"><strong><span style=\"color: #800000;\">Liebe, nicht gut der deutschen Sprache m\u00e4chtigen Besucherinnen und Besucher dieser Homepage. Bitte, so es Ihnen m\u00f6glich ist, interesannte Textstellen durch einen \u00dcbersetzer in Ihre jeweilige Landessprache \u00fcbersetzen zu lassen, da eine Google-\u00dcbersetzung nicht immer in der jeweiligen Landesprache richtig erfolgt.<\/span><\/strong><\/span><\/span><\/p>\n<p>Nat\u00fcrlich lassen sich aus alten Schriften nicht jedes Wort \u00fcbersetzen, aber durch einen guten \u00dcbersetzer doch eine sinngem\u00e4\u00dfe L\u00f6sung finden.<\/p>\n<p><span style=\"color: #000000;\"><span style=\"font-size: 14px;\"><strong>Genie\u00dfe, was dir Gott gegeben,<br \/>\nentbehre gern, was du nicht hast.<br \/>\nEin jeder Stand hat seinen Frieden,<br \/>\nein jeder Stand hat seine Last.<\/strong><\/span><\/span><\/p>\n<p><img loading=\"lazy\" decoding=\"async\" class=\" size-full wp-image-696\" style=\"width: 160px; height: 200px;\" src=\"https:\/\/zelking.grafikweb.eu\/wp-content\/uploads\/2019\/11\/gellert.jpg\" alt=\"\" width=\"220\" height=\"274\" \/><br \/>\n<span style=\"color: #000000;\"><span style=\"font-size: 14px;\"> Christian F\u00fcrchtegott Gellert<\/span><\/span><br \/>\n<span style=\"font-size: 14px;\">(Portr\u00e4t von Anton Graff\/Wikipedia.org)<br \/>\n<\/span><\/p>\n<\/div>\n<div><span style=\"color: #000000;\"><span style=\"font-size: 14px;\">\u00a0<\/span><\/span><\/div>\n<div><span style=\"color: #000000;\">\u00a0<\/span><\/div>\n<div><span style=\"color: #000000;\"><span style=\"font-size: 14px;\"><img loading=\"lazy\" decoding=\"async\" class=\" size-full wp-image-697\" style=\"width: 139px; height: 177px;\" src=\"https:\/\/zelking.grafikweb.eu\/wp-content\/uploads\/2019\/11\/b93.jpg\" alt=\"\" width=\"200\" height=\"256\" \/><br \/>\n<\/span><\/span><\/div>\n<div><span style=\"color: #000000;\"><span style=\"font-size: 14px;\">Briefmarke Frankreich 1997<br \/>\nDer Daumen: Bronzeskulptur von Cesar (1921\u20131999), Bildhauer<\/span><\/span><\/div>\n<div>\n<p><span style=\"color: #000000;\"><span style=\"font-size: 14px;\"><strong><span style=\"font-family: arial,helvetica,sans-serif;\">W\u00fcnsche allen Besucherinnen und Besuchern dieser Privathomepage ein beschauliches \u201e<\/span><span style=\"font-family: arial,helvetica,sans-serif;\">Durchbl\u00e4ttern\u201c und hoffe, dass anhand der Beitragsinhalte nie der Daumen nach unten zeigen m\u00f6ge.<\/span><\/strong><\/span><\/span><\/p>\n<p><span style=\"font-size: 16px;\"><span style=\"color: #ff0000;\">Copyright beim Autor!<\/span><\/span><\/p>\n<p>&nbsp;<\/p>\n<\/div>\n<\/div>\n<\/dd>\n<\/dl>\n<\/div>\n","protected":false},"excerpt":{"rendered":"<p>Liebe Besucher meiner Homepage! Bedanke\u00a0mich bei allen Autoren, Archiven, Verlagen, bei europ\u00e4ischen und au\u00dfereurop\u00e4ischen Postanstalten, historisch und \u201eunhistorisch\u201c arbeitenden Menschen, der \u00d6sterreichischen Staatsdruckerei, Nationalbank, &#8230;, wenn ich ohne Hinweis auf eventuelle Urheberrechte diese NICHT verwendet habe, sei es aus Unkenntnis, mir nicht eruierbaren und sonstigen Gr\u00fcnden oder wegen, von mir angenommene \u201eGeringf\u00fcgigkeit\u201c geschehen ist, bzw. [&hellip;]<\/p>\n","protected":false},"author":1,"featured_media":0,"parent":0,"menu_order":0,"comment_status":"closed","ping_status":"closed","template":"page-templates\/page_front-page.php","meta":{"footnotes":""},"class_list":["post-1084","page","type-page","status-publish","hentry"],"_links":{"self":[{"href":"https:\/\/zelking.grafikweb.eu\/index.php?rest_route=\/wp\/v2\/pages\/1084","targetHints":{"allow":["GET"]}}],"collection":[{"href":"https:\/\/zelking.grafikweb.eu\/index.php?rest_route=\/wp\/v2\/pages"}],"about":[{"href":"https:\/\/zelking.grafikweb.eu\/index.php?rest_route=\/wp\/v2\/types\/page"}],"author":[{"embeddable":true,"href":"https:\/\/zelking.grafikweb.eu\/index.php?rest_route=\/wp\/v2\/users\/1"}],"replies":[{"embeddable":true,"href":"https:\/\/zelking.grafikweb.eu\/index.php?rest_route=%2Fwp%2Fv2%2Fcomments&post=1084"}],"version-history":[{"count":4,"href":"https:\/\/zelking.grafikweb.eu\/index.php?rest_route=\/wp\/v2\/pages\/1084\/revisions"}],"predecessor-version":[{"id":1102,"href":"https:\/\/zelking.grafikweb.eu\/index.php?rest_route=\/wp\/v2\/pages\/1084\/revisions\/1102"}],"wp:attachment":[{"href":"https:\/\/zelking.grafikweb.eu\/index.php?rest_route=%2Fwp%2Fv2%2Fmedia&parent=1084"}],"curies":[{"name":"wp","href":"https:\/\/api.w.org\/{rel}","templated":true}]}}